{"id":187,"date":"2017-01-11T20:46:18","date_gmt":"2017-01-11T20:46:18","guid":{"rendered":"http:\/\/sys-squad.com:90\/wordpress\/?page_id=187"},"modified":"2017-02-12T13:44:52","modified_gmt":"2017-02-12T13:44:52","slug":"nossa-empresa","status":"publish","type":"page","link":"https:\/\/magnani.ind.br\/?page_id=187","title":{"rendered":"Nossa Empresa"},"content":{"rendered":"<div id=\"pl-187\"  class=\"panel-layout\" ><div id=\"pg-187-0\"  class=\"panel-grid panel-no-style\" ><div id=\"pgc-187-0-0\"  class=\"panel-grid-cell\" ><div id=\"panel-187-0-0-0\" class=\"so-panel widget widget_sow-editor panel-first-child panel-last-child\" data-index=\"0\" ><div class=\"panel-widget-style panel-widget-style-for-187-0-0-0\" ><div class=\"so-widget-sow-editor so-widget-sow-editor-base\">\n<div class=\"siteorigin-widget-tinymce textwidget\">\n\t<h6><span style=\"color: #000000;\"><strong><span class=\"s1\"><br \/>A MAGNANI insere em seus produtos:<\/span><\/strong><\/span><\/h6>\n<ul>\n<li class=\"li2\"><span class=\"s1\">Conhecimento, para obter efici\u00eancia com facilidade;<\/span><\/li>\n<li class=\"li2\"><span class=\"s1\">Longevidade, que nos ajuda a manter e conservar o meio ambiente;<\/span><\/li>\n<li class=\"li2\"><span class=\"s1\">Simplicidade, pequenos detalhes grandes benef\u00edcios;<\/span><\/li>\n<li class=\"li2\"><span class=\"s1\">Nacionalidade, produzido no Brasil e aprovado pelos brasileiros;<\/span><\/li>\n<li class=\"li2\"><span class=\"s1\">Semelhan\u00e7a com o habitat natural, oferecendo bem-estar animal;<\/span><\/li>\n<li class=\"li2\"><span class=\"s1\">Inova\u00e7\u00f5es, gerando produtos diferenciados e solu\u00e7\u00f5es patenteadas;<\/span><\/li>\n<li class=\"li2\"><span class=\"s1\">Produtividade e durabilidade, proporcionadas por quem tem mais de quatro d\u00e9cadas de <\/span><span class=\"s1\">experi\u00eancia.<br \/><\/span><\/li>\n<\/ul>\n<h6><strong>Nossa Hist\u00f3ria<img loading=\"lazy\" class=\"size-medium wp-image-294 alignright\" src=\"http:\/\/magnani.ind.br\/wp-content\/uploads\/2017\/01\/A-EMPRESA-MAGNANI-400x300.jpg\" alt=\"1000x800\" width=\"400\" height=\"300\" srcset=\"https:\/\/magnani.ind.br\/wp-content\/uploads\/2017\/01\/A-EMPRESA-MAGNANI-400x300.jpg 400w, https:\/\/magnani.ind.br\/wp-content\/uploads\/2017\/01\/A-EMPRESA-MAGNANI-96x72.jpg 96w, https:\/\/magnani.ind.br\/wp-content\/uploads\/2017\/01\/A-EMPRESA-MAGNANI-200x150.jpg 200w, https:\/\/magnani.ind.br\/wp-content\/uploads\/2017\/01\/A-EMPRESA-MAGNANI-350x263.jpg 350w, https:\/\/magnani.ind.br\/wp-content\/uploads\/2017\/01\/A-EMPRESA-MAGNANI.jpg 640w\" sizes=\"(max-width: 400px) 100vw, 400px\" \/><\/strong><\/h6>\n<p>A MAGNANI &amp; CIA LTDA, empresa situada na cidade de Conc\u00f3rdia, Santa Catarina, era inicialmente uma serraria, e, posteriormente, se tornou uma f\u00e1brica de carrocerias e aberturas de madeira. Foi fundada em 1967, por Angelo Magnani, pai <br \/>de Marcos Magnani. Marcos foi s\u00f3cio da MAGNANI &amp; CIA LTDA, mas em 1976 mudou-se para a cidade de Seara, Santa Catarina, para fundar a empresa MARCOS MAGNANI, uma firma individual.<\/p>\n<p>No in\u00edcio fabricava e comercializava esquadrias em ferro e vidra\u00e7aria. Anos depois, com diversas amplia\u00e7\u00f5es, produziu e comercializou tamb\u00e9m produtos como esquadrias em madeira e alum\u00ednio, servi\u00e7os de fabrica\u00e7\u00e3o e montagem de estruturas e coberturas met\u00e1licas, al\u00e9m de m\u00e1quinas e equipamentos para agroind\u00fastrias e marcenarias.<\/p>\n<p>A partir de 1994, juntamente com seus dois filhos, fundou a MAGNANI IMPLEMENTOS PARA SUINOCULTURA LTDA, que hoje desenvolve, produz e comercializa com exclusividade implementos para suinocultura.<\/p>\n<h6>COMO SURGIU A MAGNANI IMPLEMENTOS PARA SUINOCULTURA<\/h6>\n<p>A empresa surgiu gra\u00e7as aos valiosos clientes da sua antecessora MARCOS MAGNANI, conhecedores, por anos de experi\u00eancia, de produtos e servi\u00e7os com qualidade comprovada, tanto de seu respons\u00e1vel como de sua equipe de colaboradores. Estes clientes possu\u00edam granjas de su\u00ednos e buscavam a empresa para prestar servi\u00e7os de melhorias nos equipamentos. A partir de ent\u00e3o todos tiveram importante participa\u00e7\u00e3o no desenvolvimento de novos produtos e solu\u00e7\u00f5es.<\/p>\n<p>Assim surgiu a MAGNANI IMPLEMENTOS PARA SUINOCULTURA, voltada exclusivamente para produzir as melhores solu\u00e7\u00f5es para a Suinocultura.<\/p>\n<h2>MISS\u00c3O<\/h2>\n<p>Produzir e comercializar solu\u00e7\u00f5es e produtos n\u00e3o oferecidos ou proporcionados \u00a0por outras empresas a n\u00edveis equivalentes de qualidade, durabilidade, tecnologia, inova\u00e7\u00e3o, custo e interesse social, nos tornando lideres de mercado.<\/p>\n<p>\u00a0<\/p>\n<p>\u00a0<\/p>\n<\/div>\n<\/div><\/div><\/div><\/div><div id=\"pgc-187-0-1\"  class=\"panel-grid-cell\" ><!-- Contact Us ============================================= --><div id=\"panel-187-0-1-0\" class=\"so-panel widget widget_event_contact_widgets widget_contact panel-first-child panel-last-child\" data-index=\"1\" >\t\t<h3 class=\"widget-title\">Contato<\/h3> <!-- end .widget-title -->\n\t\t\t\t<ul>\n\t\t\t\t\t\t<li><a href=\"\" title=\"Rua Herculano H\u00e9rcules Zanuzzo, 97 Bairro Industrial, Seara\/SC\" target=\"_blank\"><i class=\"fa fa-map-marker\"> <\/i> Rua Herculano H\u00e9rcules Zanuzzo, 97 Bairro Industrial, Seara\/SC<\/a><\/li>\n\t\t\t\t\t\t<li><a href=\"tel:4934522266\" title=\"(49)3452-2266\"><i class=\"fa fa-phone-square\"><\/i> (49)3452-2266<\/a><\/li>\n\t\t\t\t\t\t<li><a href=\"tel:49999940955\" title=\"(49)99994-0955\"><i class=\"fa fa-phone-square\"><\/i> (49)99994-0955<\/a><\/li>\n\t\t\t\t\t\t<li><a href=\"mailto:contato@magnani.ind.br\" title=\"contato@magnani.ind.br\"><i class=\"fa fa-envelope-o\"> <\/i> contato@magnani.ind.br<\/a><\/li>\n\t\t\t\t\t<\/ul>\n\t<\/div><!-- end .widget_contact --><\/div><\/div><div id=\"pg-187-1\"  class=\"panel-grid panel-no-style\" ><div id=\"pgc-187-1-0\"  class=\"panel-grid-cell\" ><div id=\"panel-187-1-0-0\" class=\"so-panel widget widget_sow-editor panel-first-child panel-last-child\" data-index=\"2\" ><div class=\"so-widget-sow-editor so-widget-sow-editor-base\"><h3 class=\"widget-title\">Deseja saber mais...<\/h3>\n<div class=\"siteorigin-widget-tinymce textwidget\">\n\t<p>[contact-form-7 id=\"141\" title=\"Formul\u00e1rio de contato 1\"]<\/p>\n<\/div>\n<\/div><\/div><\/div><\/div><\/div>","protected":false},"excerpt":{"rendered":"<p>A MAGNANI insere em seus produtos:Conhecimento, para obter efici\u00eancia com facilidade;Longevidade, que nos ajuda a manter e conservar o meio&hellip; <\/p>\n","protected":false},"author":1,"featured_media":0,"parent":0,"menu_order":0,"comment_status":"closed","ping_status":"closed","template":"","meta":[],"_links":{"self":[{"href":"https:\/\/magnani.ind.br\/index.php?rest_route=\/wp\/v2\/pages\/187"}],"collection":[{"href":"https:\/\/magnani.ind.br\/index.php?rest_route=\/wp\/v2\/pages"}],"about":[{"href":"https:\/\/magnani.ind.br\/index.php?rest_route=\/wp\/v2\/types\/page"}],"author":[{"embeddable":true,"href":"https:\/\/magnani.ind.br\/index.php?rest_route=\/wp\/v2\/users\/1"}],"replies":[{"embeddable":true,"href":"https:\/\/magnani.ind.br\/index.php?rest_route=%2Fwp%2Fv2%2Fcomments&post=187"}],"version-history":[{"count":10,"href":"https:\/\/magnani.ind.br\/index.php?rest_route=\/wp\/v2\/pages\/187\/revisions"}],"predecessor-version":[{"id":295,"href":"https:\/\/magnani.ind.br\/index.php?rest_route=\/wp\/v2\/pages\/187\/revisions\/295"}],"wp:attachment":[{"href":"https:\/\/magnani.ind.br\/index.php?rest_route=%2Fwp%2Fv2%2Fmedia&parent=187"}],"curies":[{"name":"wp","href":"https:\/\/api.w.org\/{rel}","templated":true}]}}