{"id":364,"date":"2017-01-23T23:31:06","date_gmt":"2017-01-23T23:31:06","guid":{"rendered":"http:\/\/52.67.221.14\/magnani\/?post_type=product&#038;p=364"},"modified":"2019-05-03T20:51:28","modified_gmt":"2019-05-03T20:51:28","slug":"mini-box-gestacao","status":"publish","type":"product","link":"https:\/\/magnani.ind.br\/?product=mini-box-gestacao","title":{"rendered":"Mini Box Gesta\u00e7\u00e3o &#8211; Linha PREMIUM"},"content":{"rendered":"<p>&nbsp;<\/p>\n<p>Desde 2006 a MAGNANI produz MINI BOX;<\/p>\n<p>MINI BOX \u2013 Isto sim \u00e9 pr\u00e1tica de Bem-Estar Animal;<\/p>\n<p>Veja tamb\u00e9m, Comedouro\/bebedouro calha de n\u00edvel conjugado inox ANAT\u00d4MICO, necessita de apenas um degrau no piso para sua instala\u00e7\u00e3o, reduzindo custos com alvenaria.<\/p>\n<p>&nbsp;<\/p>\n<p>O fabricante reserva-se o direito de alterar os produtos e os dados constantes neste site a qualquer momento e sem pr\u00e9vio aviso.<\/p>\n<p>Fotos meramente ilustrativas.<\/p>\n<p>&nbsp;<\/p>\n","protected":false},"excerpt":{"rendered":"<h6>VANTAGENS<\/h6>\n<p>\u2022 Seu comprimento \u00e9 correto e realmente protegem as f\u00eameas umas das outras;<br \/>\n\u2022 Veja tamb\u00e9m, Comedouro\/bebedouro calha de n\u00edvel conjugado inox ANAT\u00d4MICO;*<br \/>\n\u2022 Produzidos com ferro Gerdau;<br \/>\n\u2022 Fixa\u00e7\u00e3o no piso com p\u00e9s chapinha inox; *<br \/>\n\u2022 Fixa\u00e7\u00e3o dos p\u00e9s inox com parafusos inox e buchas.*<\/p>\n<p>*OPCIONAIS.<\/p>\n","protected":false},"featured_media":1031,"template":"","meta":[],"product_cat":[13],"product_tag":[],"_links":{"self":[{"href":"https:\/\/magnani.ind.br\/index.php?rest_route=\/wp\/v2\/product\/364"}],"collection":[{"href":"https:\/\/magnani.ind.br\/index.php?rest_route=\/wp\/v2\/product"}],"about":[{"href":"https:\/\/magnani.ind.br\/index.php?rest_route=\/wp\/v2\/types\/product"}],"wp:featuredmedia":[{"embeddable":true,"href":"https:\/\/magnani.ind.br\/index.php?rest_route=\/wp\/v2\/media\/1031"}],"wp:attachment":[{"href":"https:\/\/magnani.ind.br\/index.php?rest_route=%2Fwp%2Fv2%2Fmedia&parent=364"}],"wp:term":[{"taxonomy":"product_cat","embeddable":true,"href":"https:\/\/magnani.ind.br\/index.php?rest_route=%2Fwp%2Fv2%2Fproduct_cat&post=364"},{"taxonomy":"product_tag","embeddable":true,"href":"https:\/\/magnani.ind.br\/index.php?rest_route=%2Fwp%2Fv2%2Fproduct_tag&post=364"}],"curies":[{"name":"wp","href":"https:\/\/api.w.org\/{rel}","templated":true}]}}